{"id":166,"date":"2014-09-06T11:07:17","date_gmt":"2014-09-06T09:07:17","guid":{"rendered":"http:\/\/rosagabriel.de\/trialog\/?page_id=166"},"modified":"2015-05-12T17:28:25","modified_gmt":"2015-05-12T15:28:25","slug":"skizzen","status":"publish","type":"page","link":"https:\/\/rosagabriel.de\/trialog\/skizzen\/","title":{"rendered":"Skizzen \/  Abbozzi"},"content":{"rendered":"<p>Nicht die Kamera, der Kugelschreiber wird Gesehenes einfangen.<br \/>\nDas Skizzieren ist die intensivste Art des Anschauens, ein Be-schreiben des Gesehenen. Der Eindruck wird nicht im Auge (der Kameralinse) abgelegt, er flie\u00dft weiter \u00fcber die Hand, hinaus auf das wei\u00dfe Papier. So wird nichts eingefangen, was nicht gesehen wurde, und aus der Vielfalt des Sichtbaren wurde reduziert auf das, was ganz pers\u00f6nlich bedeutsam war. Zugleich werden Situation, Tageszeit, Befindlichkeit, Wahrgenommenes abgespeichert, so dass dem Zeichner den Skizzen mehr Details anhaften, als ge-schossenen Fotos.<br \/>\nZwischen leichtem Karton gesch\u00fctzt sind die postkartengro\u00dfen Papiere gesichert, immer griffbereit.<br \/>\nBeim Gehen z\u00e4hlt jedes Gramm, und Papier ist schwer. So werden die postkartengro\u00dfen K\u00e4rtchen von beiden Seiten bezeichnet. Und hat sich eine gr\u00f6\u00dfere Sammlung angesammelt, gehen sie per Post heimw\u00e4rts.<\/p>\n<div id='gallery-1' class='gallery galleryid-166 gallery-columns-3 gallery-size-thumbnail'><figure class='gallery-item'>\n\t\t\t<div class='gallery-icon landscape'>\n\t\t\t\t<a href='https:\/\/rosagabriel.de\/trialog\/skizzen\/mahl\/'><img loading=\"lazy\" decoding=\"async\" width=\"150\" height=\"150\" src=\"https:\/\/rosagabriel.de\/trialog\/wp-content\/uploads\/2014\/09\/mahl-150x150.jpg\" class=\"attachment-thumbnail size-thumbnail\" alt=\"\" style=\"width:100%;height:71.06%;max-width:1728px;\" \/><\/a>\n\t\t\t<\/div><\/figure><figure class='gallery-item'>\n\t\t\t<div class='gallery-icon landscape'>\n\t\t\t\t<a href='https:\/\/rosagabriel.de\/trialog\/skizzen\/abends\/'><img loading=\"lazy\" decoding=\"async\" width=\"150\" height=\"150\" src=\"https:\/\/rosagabriel.de\/trialog\/wp-content\/uploads\/2014\/09\/abends-150x150.jpg\" class=\"attachment-thumbnail size-thumbnail\" alt=\"\" style=\"width:100%;height:71.33%;max-width:1716px;\" \/><\/a>\n\t\t\t<\/div><\/figure><figure class='gallery-item'>\n\t\t\t<div class='gallery-icon landscape'>\n\t\t\t\t<a href='https:\/\/rosagabriel.de\/trialog\/skizzen\/waesche\/'><img loading=\"lazy\" decoding=\"async\" width=\"150\" height=\"150\" src=\"https:\/\/rosagabriel.de\/trialog\/wp-content\/uploads\/2014\/09\/waesche-150x150.jpg\" class=\"attachment-thumbnail size-thumbnail\" alt=\"\" style=\"width:100%;height:70.02%;max-width:1748px;\" \/><\/a>\n\t\t\t<\/div><\/figure>\n\t\t<\/div>\n\n<p>Non la camera, ma il biro catturer\u00e0 quello visto.<br \/>\nLe abbozzata \u0117 il modo pi\u00f9 intenso dell modo di vedere, \u00e8 la descrizione di quello visto. L&#8217;impressione non viene posata nell&#8217;occhio (nell&#8217;obiettivo della fotocamera) ma cola avanti sopra la mano fuori sulla carta bianca. Cosi niente viene catturato che non \u0117 stato visto e la pluralit\u00e0 viene ridotta su quella, che era personalmente importante. Contemporaneamente la situazione, il momento del giorno, la condizione mentale e le cose precepite vengono memorizzati, cosicch\u0117 agli abbozzi aderiscono pi\u00f9 dettagli che alle foto scattate.<br \/>\nLe carte di formato cartolina sono protette da cartone leggero e sono sempre alla mano.<br \/>\nDurante un&#8217;andata conta ogni grammo e carta \u00e8 pesante. Per questo le carte di formato cartolina vengono segnate sui due lati. Se si aggruppa una collezione grande, le carte vengono spedite a casa con la posta.<br \/>\n* Dank an Graziella f\u00fcr die \u00dcbersetzung<\/p>\n","protected":false},"excerpt":{"rendered":"<p>Nicht die Kamera, der Kugelschreiber wird Gesehenes einfangen. Das Skizzieren ist die intensivste Art des Anschauens, ein Be-schreiben des Gesehenen. Der Eindruck wird nicht im Auge (der Kameralinse) abgelegt, er flie\u00dft weiter \u00fcber die Hand, hinaus auf das wei\u00dfe Papier. So wird nichts eingefangen, was nicht gesehen wurde, und aus der Vielfalt des Sichtbaren wurde&hellip; <a class=\"more-link\" href=\"https:\/\/rosagabriel.de\/trialog\/skizzen\/\"><span class=\"screen-reader-text\">Skizzen \/  Abbozzi<\/span> weiterlesen<\/a><\/p>\n","protected":false},"author":2,"featured_media":0,"parent":0,"menu_order":0,"comment_status":"closed","ping_status":"closed","template":"","meta":{"footnotes":""},"class_list":["post-166","page","type-page","status-publish","hentry","entry"],"_links":{"self":[{"href":"https:\/\/rosagabriel.de\/trialog\/wp-json\/wp\/v2\/pages\/166"}],"collection":[{"href":"https:\/\/rosagabriel.de\/trialog\/wp-json\/wp\/v2\/pages"}],"about":[{"href":"https:\/\/rosagabriel.de\/trialog\/wp-json\/wp\/v2\/types\/page"}],"author":[{"embeddable":true,"href":"https:\/\/rosagabriel.de\/trialog\/wp-json\/wp\/v2\/users\/2"}],"replies":[{"embeddable":true,"href":"https:\/\/rosagabriel.de\/trialog\/wp-json\/wp\/v2\/comments?post=166"}],"version-history":[{"count":8,"href":"https:\/\/rosagabriel.de\/trialog\/wp-json\/wp\/v2\/pages\/166\/revisions"}],"predecessor-version":[{"id":1165,"href":"https:\/\/rosagabriel.de\/trialog\/wp-json\/wp\/v2\/pages\/166\/revisions\/1165"}],"wp:attachment":[{"href":"https:\/\/rosagabriel.de\/trialog\/wp-json\/wp\/v2\/media?parent=166"}],"curies":[{"name":"wp","href":"https:\/\/api.w.org\/{rel}","templated":true}]}}