{"id":6,"date":"2014-09-04T14:47:12","date_gmt":"2014-09-04T12:47:12","guid":{"rendered":"http:\/\/rosagabriel.de\/trialog\/?page_id=6"},"modified":"2015-05-12T17:24:28","modified_gmt":"2015-05-12T15:24:28","slug":"idee","status":"publish","type":"page","link":"https:\/\/rosagabriel.de\/trialog\/idee\/","title":{"rendered":"Idee \/ Idea"},"content":{"rendered":"<p>Drei Paar Sch\u00fchchen: in ihnen sind Judentum, Christentum und Islam symbolhaft miteinander verwoben. Mit dem Verweis auf gemeinsame Wurzeln bilden sie Eins, wobei jeder durch seinen eigenen Charakter zur Vielfalt und zum Erscheinungsbild beitr\u00e4gt.<br \/>\nDas Vorhaben besteht nun darin, diese Sch\u00fchchen nach Jerusalem zu tragen und sie dort an Vertreter der drei Religionen zu verschenken.m<br \/>\nAuf dem weiten Weg durch verschiedene L\u00e4nder werden sie auf vielen H\u00e4nden wandern. Sie alle tragen die Idee mit: Sch\u00fchchen f\u00fcr den neuen Erdenb\u00fcrger, der mit dem Segen aller Religionsgemeinschaften seinen Lebensweg beginnen d\u00fcrfte.<\/p>\n<div id='gallery-1' class='gallery galleryid-6 gallery-columns-3 gallery-size-thumbnail'><figure class='gallery-item'>\n\t\t\t<div class='gallery-icon landscape'>\n\t\t\t\t<a href='https:\/\/rosagabriel.de\/trialog\/idee\/paar3\/'><img loading=\"lazy\" decoding=\"async\" width=\"150\" height=\"150\" src=\"https:\/\/rosagabriel.de\/trialog\/wp-content\/uploads\/2014\/09\/paar3-150x150.jpg\" class=\"attachment-thumbnail size-thumbnail\" alt=\"\" style=\"width:100%;height:75%;max-width:2048px;\" \/><\/a>\n\t\t\t<\/div><\/figure><figure class='gallery-item'>\n\t\t\t<div class='gallery-icon landscape'>\n\t\t\t\t<a href='https:\/\/rosagabriel.de\/trialog\/idee\/paar2\/'><img loading=\"lazy\" decoding=\"async\" width=\"150\" height=\"150\" src=\"https:\/\/rosagabriel.de\/trialog\/wp-content\/uploads\/2014\/09\/paar2-150x150.jpg\" class=\"attachment-thumbnail size-thumbnail\" alt=\"\" style=\"width:100%;height:75%;max-width:2048px;\" \/><\/a>\n\t\t\t<\/div><\/figure><figure class='gallery-item'>\n\t\t\t<div class='gallery-icon landscape'>\n\t\t\t\t<a href='https:\/\/rosagabriel.de\/trialog\/idee\/paar1\/'><img loading=\"lazy\" decoding=\"async\" width=\"150\" height=\"150\" src=\"https:\/\/rosagabriel.de\/trialog\/wp-content\/uploads\/2014\/09\/paar1-150x150.jpg\" class=\"attachment-thumbnail size-thumbnail\" alt=\"\" style=\"width:100%;height:75%;max-width:2048px;\" \/><\/a>\n\t\t\t<\/div><\/figure>\n\t\t<\/div>\n\n<p>Tre paia di scarpette: collegano giudaismo, cristianesimo ed islam simbolicamente. Con il riferimento alle radici in comune creano un&#8217;unit\u00e0, ognuno contribuendo con il proprio carattere alla pluralit\u00e0 ed all&#8217;apparenza.<br \/>\nL&#8217;intenzione consiste adesso nell&#8217;idea di portare queste scarpette a Gerusalemme e regalarle ai rappresentanti delle tre religioni.<br \/>\nDurante il posso lunga attraverso paesi diversi vengono tenute da tanti mani. Tutte portano l&#8217;idea: Le scarpette per il nuovo terrestre, che potrebbe cominciare il suo cammino di vita con la benedizione di tutte le comunit\u00e0 religiose.<\/p>\n","protected":false},"excerpt":{"rendered":"<p>Drei Paar Sch\u00fchchen: in ihnen sind Judentum, Christentum und Islam symbolhaft miteinander verwoben. Mit dem Verweis auf gemeinsame Wurzeln bilden sie Eins, wobei jeder durch seinen eigenen Charakter zur Vielfalt und zum Erscheinungsbild beitr\u00e4gt. Das Vorhaben besteht nun darin, diese Sch\u00fchchen nach Jerusalem zu tragen und sie dort an Vertreter der drei Religionen zu verschenken.m&hellip; <a class=\"more-link\" href=\"https:\/\/rosagabriel.de\/trialog\/idee\/\"><span class=\"screen-reader-text\">Idee \/ Idea<\/span> weiterlesen<\/a><\/p>\n","protected":false},"author":1,"featured_media":0,"parent":0,"menu_order":0,"comment_status":"closed","ping_status":"open","template":"","meta":{"footnotes":""},"class_list":["post-6","page","type-page","status-publish","hentry","entry"],"_links":{"self":[{"href":"https:\/\/rosagabriel.de\/trialog\/wp-json\/wp\/v2\/pages\/6"}],"collection":[{"href":"https:\/\/rosagabriel.de\/trialog\/wp-json\/wp\/v2\/pages"}],"about":[{"href":"https:\/\/rosagabriel.de\/trialog\/wp-json\/wp\/v2\/types\/page"}],"author":[{"embeddable":true,"href":"https:\/\/rosagabriel.de\/trialog\/wp-json\/wp\/v2\/users\/1"}],"replies":[{"embeddable":true,"href":"https:\/\/rosagabriel.de\/trialog\/wp-json\/wp\/v2\/comments?post=6"}],"version-history":[{"count":9,"href":"https:\/\/rosagabriel.de\/trialog\/wp-json\/wp\/v2\/pages\/6\/revisions"}],"predecessor-version":[{"id":1164,"href":"https:\/\/rosagabriel.de\/trialog\/wp-json\/wp\/v2\/pages\/6\/revisions\/1164"}],"wp:attachment":[{"href":"https:\/\/rosagabriel.de\/trialog\/wp-json\/wp\/v2\/media?parent=6"}],"curies":[{"name":"wp","href":"https:\/\/api.w.org\/{rel}","templated":true}]}}